3. What are the prime factors of j?
7
Let j(l) = 3*l**2 + 40*l - 55. List the prime factors of j(-15).
2, 5
Let k(y) = 6*y**2 - y - 2. Let r be k(-1). Suppose -r*m - 5 = -o - 0*m, 0 = 4*o - 5*m - 80. What are the prime factors of o?
5
Let g = 642 - 396. Suppose 2*l - 5*j + 101 - g = 0, -2*l = -2*j - 130. List the prime factors of l.
2, 3, 5
Let c(x) be the third derivative of x**5/30 - x**4/4 + 5*x**3/6 + 5*x**2. Let n be c(4). What are the prime factors of 1*(n + 0) + -3?
2, 5
Let o = 173 - 168. Suppose o*s + 5 = 0, 5*n = 3*s - 2*s + 1681. List the prime factors of n.
2, 3, 7
Let c be 67 + (0 - -3) + -2. Suppose 2*o + 2*o + c = 0. Let n = 29 + o. List the prime factors of n.
2, 3
Let u(m) = -26*m - 101. List the prime factors of u(-9).
7, 19
Let a = -1929 - -2886. What are the prime factors of a?
3, 11, 29
Let r = -1412 - -2514. List the prime factors of r.
2, 19, 29
Suppose 5*k + 0*k = -210. Let z = 107 + k. What are the prime factors of z?
5, 13
Let x(d) = -d**3 + d**2 + 59. Suppose -g + g = 8*g. What are the prime factors of x(g)?
59
Suppose l = -2*l + 9. Suppose -2*j + 24 = 2*w, -4*w = j + 6 - l. What are the prime factors of j?
17
Let c = 294 + -128. Let r be 4/(-1) + 9/36*52. Suppose 0 = -5*j + r + c. List the prime factors of j.
5, 7
Suppose 4*n - 3470 = -3*m, 0 = -3*m - 15*n + 18*n + 3477. List the prime factors of m.
2, 3, 193
Suppose -90 - 213 = -3*d. List the prime factors of d.
101
Let d(f) = 2*f + 8. Let q be d(-4). Suppose -x - 2*v + 4 = 0, -4*x - 2*v + 16 = -q*v. Suppose -x*n = g - 90, 3*n + 0*g - g = 71. List the prime factors of n.
23
Let r = 7 - 4. Suppose -3*h = 3*g - h + 22, 3*h - 12 = r*g. Let t = 23 - g. What are the prime factors of t?
29
What are the prime factors of 2212/9 - 22/(-99)*1?
2, 3, 41
Suppose x + o = -x + 394, 994 = 5*x - 2*o. What are the prime factors of x?
2, 3, 11
Let i = -264 - -606. Suppose i*h + 266 = 343*h. List the prime factors of h.
2, 7, 19
List the prime factors of (-3 - -3) + (-4290)/(-5).
2, 3, 11, 13
Suppose 117*r = 118*r - 2725. What are the prime factors of r?
5, 109
Let n = -88 - -302. Suppose 6*q - n = -46. What are the prime factors of q?
2, 7
Suppose -10*x = -7015 + 55. What are the prime factors of x?
2, 3, 29
Suppose 0 = -j + 6*j. Suppose j = -3*g + 5*r - 224, 0 = -g + 3*g - 2*r + 148. Let w = -51 - g. List the prime factors of w.
2, 11
Let j = -27 - -23. Let m = 7 + j. Suppose -2*v - 48 = -u - 13, m*u = -5*v + 127. List the prime factors of u.
3, 13
Let n be 0 + -5*8/(-20). Let t = 3 - n. What are the prime factors of (-3 + t)*(-51)/2?
3, 17
Let k(f) = f**2 - 8*f + 10. Let r be k(7). Suppose -3*y + 736 - 196 = 0. Suppose -i = r*i - y. What are the prime factors of i?
3, 5
Let s(y) = -y - 1. Let t be s(-1). Suppose t = -4*p + 20 + 8. Suppose 0 = p*h - 9*h + 14. What are the prime factors of h?
7
Suppose -h - 2*g = -2124, -3*g + 5*g - 8508 = -4*h. List the prime factors of h.
2, 7, 19
Let a(x) = -45*x - 9. Let m be a(-4). Let i = 186 - 292. Let z = m + i. List the prime factors of z.
5, 13
Suppose r - 6*r + 3*k = -31, 2*k + 4 = 0. Suppose 3*c - 74 = y - r*y, c + 2 = 0. List the prime factors of y.
2, 5
Suppose 17*i - 13*i - 6116 = 0. List the prime factors of i.
11, 139
Suppose 0 = -3*l - v + 126, 0*v = -4*l + 4*v + 168. Suppose -2*i - 6 = -l. What are the prime factors of i?
2, 3
Let g(t) = 37*t - 8. Let s be g(-5). Let r be s/(2/(-6 + 4)). Suppose -7*q = -2*q - 3*m - r, -77 = -2*q + m. What are the prime factors of q?
2, 19
Let s = 64 + -20. Let w(z) = 9*z - 44 + s. What are the prime factors of w(1)?
3
Let m be 150/20*16/5. Let r be m/(-9)*(-12)/16. Suppose -r*n = -30 - 80. What are the prime factors of n?
5, 11
Let x = 2823 + -1705. List the prime factors of x.
2, 13, 43
Let h(t) = -8*t**2 - 1. Let z(c) = c**2 + c + 1. Let i(w) = -h(w) - z(w). Let o be -4*1*(-2)/8. List the prime factors of i(o).
2, 3
Let v(h) = 9*h**2 + 37*h + 73. What are the prime factors of v(19)?
5, 7, 23
Let d be 1*-10*(-15)/6. Let t = d - 16. Suppose 2*x = t + 11. What are the prime factors of x?
2, 5
Let f be (-6*1)/(5/((-340)/(-6))). Let t = -16 - f. What are the prime factors of t?
2, 13
Suppose 0 = 69*s - 111*s + 102396. List the prime factors of s.
2, 23, 53
Let q = 1579 + -924. Suppose 0 = -s + 4, -5*h = 3*s - 12 - q. What are the prime factors of h?
131
Let v be 1/((-4 + 1)/165). Let c = v - -276. List the prime factors of c.
13, 17
What are the prime factors of -163*(1 - 2)*5?
5, 163
Let a = 1743 + -820. List the prime factors of a.
13, 71
Suppose -5*x + 12*x = 2821. What are the prime factors of x?
13, 31
Suppose -2*f + 12 = 4*f. Suppose -a - 2*a + 12 = 4*y, -y + 3 = 0. What are the prime factors of a + 5 + (-4)/f?
3
Suppose 29*n = 112*n - 22244. What are the prime factors of n?
2, 67
Let i be -1*2/(-2)*0. Let h = 89 - -88. Suppose -c + 121 = 2*j + 4*c, i = -4*j + 3*c + h. List the prime factors of j.
2, 3
Suppose -2*w + 5*g - 25 = 0, 2*w + g - 25 = -4*g. Suppose -2*q - 96 = -3*f, 0 = -2*f - w*f + 5*q + 53. Suppose f + 106 = 4*j. What are the prime factors of j?
5, 7
Suppose -2*o - 6 = -o. Let k be o/(-4) + 2/4. Suppose 5*l + 2*q = 63, 0*l + 38 = k*l + 4*q. List the prime factors of l.
11
Suppose -c - 1 = 0, c - 8 = -3*r + 6. Suppose -m = 4*m + 4*l - 284, 3*m + r*l = 173. What are the prime factors of m?
2, 7
Suppose 60 = 5*h - 5*o, -1 = -3*o + 2. Suppose -7*m = -13*m - 72. What are the prime factors of (-1 - h)/(6/m)?
2, 7
Suppose 2*m - m + 5*a - 953 = 0, a = -5*m + 4837. List the prime factors of m.
2, 11
Let g = 9 + 5. List the prime factors of (-22)/3*(-63)/g.
3, 11
Let a = 3353 + -2127. List the prime factors of a.
2, 613
Suppose 2*o + 9752 = 25*o. List the prime factors of o.
2, 53
Suppose -3*g - 1138 = -2*y, -3*y - 11*g + 1709 = -15*g. What are the prime factors of y?
5, 23
Suppose -3*n - 3*j - 42 = 0, 2*n - 62 = 5*n - j. Let o = n - -16. List the prime factors of o*(1 - 2) + 24.
3
Let w(y) = y**3 - 6*y**2 - 6*y + 39. What are the prime factors of w(11)?
2, 17
Let c be 1/(150/(-51) - -3). Suppose -2*r + z = -0*r - 13, 4*r + z = c. Suppose -3*v - l = -73 - 3, -r*v = -3*l - 122. What are the prime factors of v?
5
Suppose -29*p = -2*p - 14121. What are the prime factors of p?
523
Let w = 38 + -29. Suppose -w*x + 5*x = -272. List the prime factors of x.
2, 17
Let c be (-16)/80 + 1/5. Suppose 5*u = -f - f + 237, -5*u + 5*f + 265 = c. List the prime factors of u.
7
Let n(y) = -y**3 + 6*y**2 - 6*y. Let g be n(4). Suppose -v + 3*v - g = 0. List the prime factors of (9/6)/(2/v).
3
Let f(l) = -l**3 + 9*l**2 - 12*l + 12. Let r be 0/(-2) + -2 + 9. Let c be f(r). Let w = c - 13. What are the prime factors of w?
13
Suppose -14 = -4*j - 3*v, 2*v = 3*v - 2. Suppose -3*s = j*p - 74, -3 = -3*p - 0. List the prime factors of s.
2, 3
Suppose -2*d = -7*d - 260. Let g = d + 110. What are the prime factors of g?
2, 29
Suppose -2*t + 49 = -5*x - 146, -4*x = 4. Suppose 52 = 4*p - 2*l, 5*p + 3*l + 2*l = t. List the prime factors of p.
3, 5
Let a = -125 - -356. List the prime factors of a.
3, 7, 11
Let z = -1025 + 1737. What are the prime factors of z?
2, 89
Suppose -3*w = 9*w - 9276. List the prime factors of w.
773
Suppose -3*z - 6*h = -4*h - 1470, -5*z + 2425 = -5*h. List the prime factors of z.
2, 61
Let z be -3*3/6*-2. Suppose 0 = -s + 2*x + 14, -4*s + 3*s - z*x - 11 = 0. Suppose -s*i = k - 29, 0*k - k = 3*i - 23. What are the prime factors of i?
2, 3
Suppose -3*i + 670 + 713 = 0. List the prime factors of i.
461
Let n = 1739 + -800. What are the prime factors of n?
3, 313
Suppose 0 = -0*j - 7*j - 161. Let d(g) = -8*g - 31. What are the prime factors of d(j)?
3, 17
Suppose n + 3*s - 1234 = 112, 0 = 3*n + s - 4054. List the prime factors of n.
2, 13
Let t = -15 - -10. Let u(i) = i**2 + 3*i - 7. Let y be u(t). Suppose 5*f + 180 = 8*g - y*g, 0 = 5*g + f - 162. List the prime factors of g.
3, 11
Suppose 3*c = -5*t + 49, -5*t - 36 = -2*c - 10*t. Let h = c - 10. Suppose -h*b = 3*g - 18, -b = -6*b + 2*g + 37. What are the prime factors of b?
7
Let a(i) = i**3 - 8*i**2 + 7*i. Let l be a(7). Let m be 1/((-1)/(-315) + 0). Suppose -50 + m = 5*n - 3*k, -4*n + 2*k + 210 = l. What are the prime factors of n?
2, 5
Let c(y) = -3*y**2 - 6*y + 9. Let r be c(-6). Let t = r - -128. List the prime factors of t.
5, 13
Let c be (2